{"id":700,"date":"2019-11-29T16:45:29","date_gmt":"2019-11-29T15:45:29","guid":{"rendered":"http:\/\/dumasrecuperation.com\/?page_id=700"},"modified":"2026-01-08T11:54:19","modified_gmt":"2026-01-08T10:54:19","slug":"nos-boutiques","status":"publish","type":"page","link":"http:\/\/dumasrecuperation.com\/index.php\/nos-boutiques\/","title":{"rendered":"Nos Boutiques"},"content":{"rendered":"<p>&nbsp;<\/p>\n<h5 style=\"text-align: center;\"><a href=\"https:\/\/integrated.opisto.fr\/frames\/parts\/122\/DumasRecuperation\"><strong>Nos pi\u00e8ces d\u00e9tach\u00e9es<\/strong><img fetchpriority=\"high\" decoding=\"async\" src=\"http:\/\/dumasrecuperation.com\/wp-content\/uploads\/2019\/11\/pecas-do-carro.jpg\" alt=\"\" width=\"369\" height=\"246\" class=\"wp-image-642 aligncenter\" srcset=\"http:\/\/dumasrecuperation.com\/wp-content\/uploads\/2019\/11\/pecas-do-carro.jpg 1000w, http:\/\/dumasrecuperation.com\/wp-content\/uploads\/2019\/11\/pecas-do-carro-300x200.jpg 300w, http:\/\/dumasrecuperation.com\/wp-content\/uploads\/2019\/11\/pecas-do-carro-768x512.jpg 768w, http:\/\/dumasrecuperation.com\/wp-content\/uploads\/2019\/11\/pecas-do-carro-360x240.jpg 360w\" sizes=\"(max-width: 369px) 100vw, 369px\" \/><\/a><\/h5>\n<p><a href=\"https:\/\/www.leboncoin.fr\/boutique\/38599\/sarl_dumas_recuperation.htm\/\"><img decoding=\"async\" src=\"http:\/\/dumasrecuperation.com\/wp-content\/uploads\/2019\/11\/logo-leboncoin.png\" alt=\"\" width=\"500\" height=\"182\" class=\"wp-image-701 aligncenter\" srcset=\"http:\/\/dumasrecuperation.com\/wp-content\/uploads\/2019\/11\/logo-leboncoin.png 960w, http:\/\/dumasrecuperation.com\/wp-content\/uploads\/2019\/11\/logo-leboncoin-300x109.png 300w, http:\/\/dumasrecuperation.com\/wp-content\/uploads\/2019\/11\/logo-leboncoin-768x280.png 768w\" sizes=\"(max-width: 500px) 100vw, 500px\" \/><\/a><\/p>\n<p><a href=\"https:\/\/www.ebay.fr\/str\/dumasrecup30\"><img decoding=\"async\" src=\"http:\/\/dumasrecuperation.com\/wp-content\/uploads\/2019\/11\/logo-ebay-1548935274.png\" alt=\"\" width=\"273\" height=\"273\" class=\"wp-image-702 aligncenter\" srcset=\"http:\/\/dumasrecuperation.com\/wp-content\/uploads\/2019\/11\/logo-ebay-1548935274.png 1000w, http:\/\/dumasrecuperation.com\/wp-content\/uploads\/2019\/11\/logo-ebay-1548935274-150x150.png 150w, http:\/\/dumasrecuperation.com\/wp-content\/uploads\/2019\/11\/logo-ebay-1548935274-300x300.png 300w, http:\/\/dumasrecuperation.com\/wp-content\/uploads\/2019\/11\/logo-ebay-1548935274-768x768.png 768w\" sizes=\"(max-width: 273px) 100vw, 273px\" \/><\/a><\/p>\n<p>&nbsp;<\/p>\n","protected":false},"excerpt":{"rendered":"<p>&nbsp; Nos pi\u00e8ces d\u00e9tach\u00e9es &nbsp;<\/p>\n","protected":false},"author":1,"featured_media":0,"parent":0,"menu_order":0,"comment_status":"closed","ping_status":"closed","template":"page-templates\/template-pagebuilder-full-width.php","meta":{"ngg_post_thumbnail":0,"footnotes":""},"class_list":["post-700","page","type-page","status-publish","hentry"],"_links":{"self":[{"href":"http:\/\/dumasrecuperation.com\/index.php\/wp-json\/wp\/v2\/pages\/700","targetHints":{"allow":["GET"]}}],"collection":[{"href":"http:\/\/dumasrecuperation.com\/index.php\/wp-json\/wp\/v2\/pages"}],"about":[{"href":"http:\/\/dumasrecuperation.com\/index.php\/wp-json\/wp\/v2\/types\/page"}],"author":[{"embeddable":true,"href":"http:\/\/dumasrecuperation.com\/index.php\/wp-json\/wp\/v2\/users\/1"}],"replies":[{"embeddable":true,"href":"http:\/\/dumasrecuperation.com\/index.php\/wp-json\/wp\/v2\/comments?post=700"}],"version-history":[{"count":7,"href":"http:\/\/dumasrecuperation.com\/index.php\/wp-json\/wp\/v2\/pages\/700\/revisions"}],"predecessor-version":[{"id":928,"href":"http:\/\/dumasrecuperation.com\/index.php\/wp-json\/wp\/v2\/pages\/700\/revisions\/928"}],"wp:attachment":[{"href":"http:\/\/dumasrecuperation.com\/index.php\/wp-json\/wp\/v2\/media?parent=700"}],"curies":[{"name":"wp","href":"https:\/\/api.w.org\/{rel}","templated":true}]}}