{"id":156,"date":"2018-12-04T10:22:49","date_gmt":"2018-12-04T09:22:49","guid":{"rendered":"http:\/\/dumasrecuperation.com\/?page_id=156"},"modified":"2021-04-14T10:05:06","modified_gmt":"2021-04-14T08:05:06","slug":"donnees-personnelles","status":"publish","type":"page","link":"http:\/\/dumasrecuperation.com\/index.php\/donnees-personnelles\/","title":{"rendered":"Donn\u00e9es personnelles"},"content":{"rendered":"\t\t<div data-elementor-type=\"wp-post\" data-elementor-id=\"156\" class=\"elementor elementor-156 elementor-bc-flex-widget\">\n\t\t\t\t\t\t<section class=\"elementor-section elementor-top-section elementor-element elementor-element-8eb3eff elementor-section-boxed elementor-section-height-default elementor-section-height-default\" data-id=\"8eb3eff\" data-element_type=\"section\" data-e-type=\"section\">\n\t\t\t\t\t\t<div class=\"elementor-container elementor-column-gap-default\">\n\t\t\t\t\t<div class=\"elementor-column elementor-col-100 elementor-top-column elementor-element elementor-element-5e3d528\" data-id=\"5e3d528\" data-element_type=\"column\" data-e-type=\"column\">\n\t\t\t<div class=\"elementor-widget-wrap elementor-element-populated\">\n\t\t\t\t\t\t<div class=\"elementor-element elementor-element-997d8ae elementor-widget elementor-widget-heading\" data-id=\"997d8ae\" data-element_type=\"widget\" data-e-type=\"widget\" data-widget_type=\"heading.default\">\n\t\t\t\t<div class=\"elementor-widget-container\">\n\t\t\t\t\t<h2 class=\"elementor-heading-title elementor-size-default\">Donn\u00e9es personnelles<\/h2>\t\t\t\t<\/div>\n\t\t\t\t<\/div>\n\t\t\t\t\t<\/div>\n\t\t<\/div>\n\t\t\t\t\t<\/div>\n\t\t<\/section>\n\t\t\t\t<section class=\"elementor-section elementor-top-section elementor-element elementor-element-f4940a4 elementor-section-boxed elementor-section-height-default elementor-section-height-default\" data-id=\"f4940a4\" data-element_type=\"section\" data-e-type=\"section\">\n\t\t\t\t\t\t<div class=\"elementor-container elementor-column-gap-default\">\n\t\t\t\t\t<div class=\"elementor-column elementor-col-100 elementor-top-column elementor-element elementor-element-7059af4\" data-id=\"7059af4\" data-element_type=\"column\" data-e-type=\"column\">\n\t\t\t<div class=\"elementor-widget-wrap elementor-element-populated\">\n\t\t\t\t\t\t<div class=\"elementor-element elementor-element-15dfab2 elementor-widget elementor-widget-text-editor\" data-id=\"15dfab2\" data-element_type=\"widget\" data-e-type=\"widget\" data-widget_type=\"text-editor.default\">\n\t\t\t\t<div class=\"elementor-widget-container\">\n\t\t\t\t\t\t\t\t\t<p><style>\n<!-- \/* Font Definitions *\/ @font-face {font-family:\"Courier New\"; panose-1:2 7 3 9 2 2 5 2 4 4; mso-font-charset:0; mso-generic-font-family:auto; mso-font-pitch:variable; mso-font-signature:-536859905 -1073711037 9 0 511 0;} @font-face {font-family:Wingdings; panose-1:5 0 0 0 0 0 0 0 0 0; mso-font-charset:2; mso-generic-font-family:auto; mso-font-pitch:variable; mso-font-signature:0 268435456 0 0 -2147483648 0;} @font-face {font-family:\"\uff2d\uff33 \u660e\u671d\"; mso-font-charset:78; mso-generic-font-family:auto; mso-font-pitch:variable; mso-font-signature:-536870145 1791491579 18 0 131231 0;} @font-face {font-family:\"Cambria Math\"; panose-1:2 4 5 3 5 4 6 3 2 4; mso-font-charset:0; mso-generic-font-family:auto; mso-font-pitch:variable; mso-font-signature:-536870145 1107305727 0 0 415 0;} @font-face {font-family:Calibri; panose-1:2 15 5 2 2 2 4 3 2 4; mso-font-charset:0; mso-generic-font-family:auto; mso-font-pitch:variable; mso-font-signature:-520092929 1073786111 9 0 415 0;} @font-face {font-family:Cambria; panose-1:2 4 5 3 5 4 6 3 2 4; mso-font-charset:0; mso-generic-font-family:auto; mso-font-pitch:variable; mso-font-signature:-536870145 1073743103 0 0 415 0;} \/* Style Definitions *\/ p.MsoNormal, li.MsoNormal, div.MsoNormal {mso-style-unhide:no; mso-style-qformat:yes; mso-style-parent:\"\"; margin:0cm; margin-bottom:.0001pt; mso-pagination:widow-orphan; font-size:12.0pt; font-family:Cambria; mso-ascii-font-family:Cambria; mso-ascii-theme-font:minor-latin; mso-fareast-font-family:\"\uff2d\uff33 \u660e\u671d\"; mso-fareast-theme-font:minor-fareast; mso-hansi-font-family:Cambria; mso-hansi-theme-font:minor-latin; mso-bidi-font-family:\"Times New Roman\"; mso-bidi-theme-font:minor-bidi;} .MsoChpDefault {mso-style-type:export-only; mso-default-props:yes; font-family:Cambria; mso-ascii-font-family:Cambria; mso-ascii-theme-font:minor-latin; mso-fareast-font-family:\"\uff2d\uff33 \u660e\u671d\"; mso-fareast-theme-font:minor-fareast; mso-hansi-font-family:Cambria; mso-hansi-theme-font:minor-latin; mso-bidi-font-family:\"Times New Roman\"; mso-bidi-theme-font:minor-bidi; mso-ansi-language:EN-GB;} @page WordSection1 {size:612.0pt 792.0pt; margin:70.85pt 70.85pt 70.85pt 70.85pt; mso-header-margin:36.0pt; mso-footer-margin:36.0pt; mso-paper-source:0;} div.WordSection1 {page:WordSection1;} \/* List Definitions *\/ @list l0 {mso-list-id:809059595; mso-list-template-ids:309996400;} @list l0:level1 {mso-level-number-format:bullet; mso-level-text:\uf0b7; mso-level-tab-stop:36.0pt; mso-level-number-position:left; text-indent:-18.0pt; mso-ansi-font-size:10.0pt; font-family:Symbol;} @list l0:level2 {mso-level-number-format:bullet; mso-level-text:o; mso-level-tab-stop:72.0pt; mso-level-number-position:left; text-indent:-18.0pt; mso-ansi-font-size:10.0pt; font-family:\"Courier New\"; mso-bidi-font-family:\"Times New Roman\";} @list l0:level3 {mso-level-number-format:bullet; mso-level-text:\uf0a7; mso-level-tab-stop:108.0pt; mso-level-number-position:left; text-indent:-18.0pt; mso-ansi-font-size:10.0pt; font-family:Wingdings;} @list l0:level4 {mso-level-number-format:bullet; mso-level-text:\uf0a7; mso-level-tab-stop:144.0pt; mso-level-number-position:left; text-indent:-18.0pt; mso-ansi-font-size:10.0pt; font-family:Wingdings;} @list l0:level5 {mso-level-number-format:bullet; mso-level-text:\uf0a7; mso-level-tab-stop:180.0pt; mso-level-number-position:left; text-indent:-18.0pt; mso-ansi-font-size:10.0pt; font-family:Wingdings;} @list l0:level6 {mso-level-number-format:bullet; mso-level-text:\uf0a7; mso-level-tab-stop:216.0pt; mso-level-number-position:left; text-indent:-18.0pt; mso-ansi-font-size:10.0pt; font-family:Wingdings;} @list l0:level7 {mso-level-number-format:bullet; mso-level-text:\uf0a7; mso-level-tab-stop:252.0pt; mso-level-number-position:left; text-indent:-18.0pt; mso-ansi-font-size:10.0pt; font-family:Wingdings;} @list l0:level8 {mso-level-number-format:bullet; mso-level-text:\uf0a7; mso-level-tab-stop:288.0pt; mso-level-number-position:left; text-indent:-18.0pt; mso-ansi-font-size:10.0pt; font-family:Wingdings;} @list l0:level9 {mso-level-number-format:bullet; mso-level-text:\uf0a7; mso-level-tab-stop:324.0pt; mso-level-number-position:left; text-indent:-18.0pt; mso-ansi-font-size:10.0pt; font-family:Wingdings;} @list l1 {mso-list-id:1542471144; mso-list-template-ids:1006950792;} @list l1:level1 {mso-level-number-format:bullet; mso-level-text:\uf0b7; mso-level-tab-stop:36.0pt; mso-level-number-position:left; text-indent:-18.0pt; mso-ansi-font-size:10.0pt; font-family:Symbol;} @list l1:level2 {mso-level-number-format:bullet; mso-level-text:o; mso-level-tab-stop:72.0pt; mso-level-number-position:left; text-indent:-18.0pt; mso-ansi-font-size:10.0pt; font-family:\"Courier New\"; mso-bidi-font-family:\"Times New Roman\";} @list l1:level3 {mso-level-number-format:bullet; mso-level-text:\uf0a7; mso-level-tab-stop:108.0pt; mso-level-number-position:left; text-indent:-18.0pt; mso-ansi-font-size:10.0pt; font-family:Wingdings;} @list l1:level4 {mso-level-number-format:bullet; mso-level-text:\uf0a7; mso-level-tab-stop:144.0pt; mso-level-number-position:left; text-indent:-18.0pt; mso-ansi-font-size:10.0pt; font-family:Wingdings;} @list l1:level5 {mso-level-number-format:bullet; mso-level-text:\uf0a7; mso-level-tab-stop:180.0pt; mso-level-number-position:left; text-indent:-18.0pt; mso-ansi-font-size:10.0pt; font-family:Wingdings;} @list l1:level6 {mso-level-number-format:bullet; mso-level-text:\uf0a7; mso-level-tab-stop:216.0pt; mso-level-number-position:left; text-indent:-18.0pt; mso-ansi-font-size:10.0pt; font-family:Wingdings;} @list l1:level7 {mso-level-number-format:bullet; mso-level-text:\uf0a7; mso-level-tab-stop:252.0pt; mso-level-number-position:left; text-indent:-18.0pt; mso-ansi-font-size:10.0pt; font-family:Wingdings;} @list l1:level8 {mso-level-number-format:bullet; mso-level-text:\uf0a7; mso-level-tab-stop:288.0pt; mso-level-number-position:left; text-indent:-18.0pt; mso-ansi-font-size:10.0pt; font-family:Wingdings;} @list l1:level9 {mso-level-number-format:bullet; mso-level-text:\uf0a7; mso-level-tab-stop:324.0pt; mso-level-number-position:left; text-indent:-18.0pt; mso-ansi-font-size:10.0pt; font-family:Wingdings;} @list l2 {mso-list-id:1556774737; mso-list-template-ids:1335268414;} @list l2:level1 {mso-level-number-format:bullet; mso-level-text:\uf0b7; mso-level-tab-stop:36.0pt; mso-level-number-position:left; text-indent:-18.0pt; mso-ansi-font-size:10.0pt; font-family:Symbol;} @list l2:level2 {mso-level-number-format:bullet; mso-level-text:o; mso-level-tab-stop:72.0pt; mso-level-number-position:left; text-indent:-18.0pt; mso-ansi-font-size:10.0pt; font-family:\"Courier New\"; mso-bidi-font-family:\"Times New Roman\";} @list l2:level3 {mso-level-number-format:bullet; mso-level-text:\uf0a7; mso-level-tab-stop:108.0pt; mso-level-number-position:left; text-indent:-18.0pt; mso-ansi-font-size:10.0pt; font-family:Wingdings;} @list l2:level4 {mso-level-number-format:bullet; mso-level-text:\uf0a7; mso-level-tab-stop:144.0pt; mso-level-number-position:left; text-indent:-18.0pt; mso-ansi-font-size:10.0pt; font-family:Wingdings;} @list l2:level5 {mso-level-number-format:bullet; mso-level-text:\uf0a7; mso-level-tab-stop:180.0pt; mso-level-number-position:left; text-indent:-18.0pt; mso-ansi-font-size:10.0pt; font-family:Wingdings;} @list l2:level6 {mso-level-number-format:bullet; mso-level-text:\uf0a7; mso-level-tab-stop:216.0pt; mso-level-number-position:left; text-indent:-18.0pt; mso-ansi-font-size:10.0pt; font-family:Wingdings;} @list l2:level7 {mso-level-number-format:bullet; mso-level-text:\uf0a7; mso-level-tab-stop:252.0pt; mso-level-number-position:left; text-indent:-18.0pt; mso-ansi-font-size:10.0pt; font-family:Wingdings;} @list l2:level8 {mso-level-number-format:bullet; mso-level-text:\uf0a7; mso-level-tab-stop:288.0pt; mso-level-number-position:left; text-indent:-18.0pt; mso-ansi-font-size:10.0pt; font-family:Wingdings;} @list l2:level9 {mso-level-number-format:bullet; mso-level-text:\uf0a7; mso-level-tab-stop:324.0pt; mso-level-number-position:left; text-indent:-18.0pt; mso-ansi-font-size:10.0pt; font-family:Wingdings;} ol {margin-bottom:0cm;} ul {margin-bottom:0cm;} --><br \/>\n<\/style><\/p><p class=\"MsoNormal\" style=\"mso-margin-top-alt: auto; mso-margin-bottom-alt: auto;\"><b><span style=\"font-size: 10.0pt; font-family: Calibri; mso-ascii-theme-font: major-latin; mso-hansi-theme-font: major-latin; mso-bidi-font-family: 'Times New Roman';\">DUMAS R\u00e9cup\u00e9ration s\u2019engage \u00e0 ce que la collecte et le traitement de vos donn\u00e9es,\u00a0effectu\u00e9s \u00e0 partir de ce site, soient conformes au r\u00e8glement g\u00e9n\u00e9ral sur la protection des donn\u00e9es (RGPD) et \u00e0 la loi Informatique et Libert\u00e9s.<\/span><\/b><\/p><p class=\"MsoNormal\" style=\"mso-margin-top-alt: auto; mso-margin-bottom-alt: auto;\"><br \/><b><span style=\"font-size: 10.0pt; font-family: Calibri; mso-ascii-theme-font: major-latin; mso-hansi-theme-font: major-latin; mso-bidi-font-family: 'Times New Roman';\"><\/span><\/b><span style=\"font-size: 10.0pt; font-family: Calibri; mso-ascii-theme-font: major-latin; mso-hansi-theme-font: major-latin; mso-bidi-font-family: 'Times New Roman';\"><\/span><\/p><p class=\"MsoNormal\" style=\"mso-margin-top-alt: auto; mso-margin-bottom-alt: auto;\"><span style=\"font-size: 10.0pt; font-family: Calibri; mso-ascii-theme-font: major-latin; mso-hansi-theme-font: major-latin; mso-bidi-font-family: 'Times New Roman';\">Chaque formulaire destin\u00e9 uniquement \u00e0 DUMAS R\u00e9cup\u00e9ration limite la collecte des donn\u00e9es personnelles au strict n\u00e9cessaire (minimisation des donn\u00e9es) et indique notamment :<\/span><\/p><ul type=\"disc\"><li class=\"MsoNormal\" style=\"mso-margin-top-alt: auto; mso-margin-bottom-alt: auto; mso-list: l0 level1 lfo1; tab-stops: list 36.0pt;\"><span style=\"font-size: 10.0pt; font-family: Calibri; mso-ascii-theme-font: major-latin; mso-fareast-font-family: 'Times New Roman'; mso-hansi-theme-font: major-latin; mso-bidi-font-family: 'Times New Roman';\">quels sont les objectifs du recueil de ces donn\u00e9es (finalit\u00e9s) ;<\/span><\/li><li class=\"MsoNormal\" style=\"mso-margin-top-alt: auto; mso-margin-bottom-alt: auto; mso-list: l0 level1 lfo1; tab-stops: list 36.0pt;\"><span style=\"font-size: 10.0pt; font-family: Calibri; mso-ascii-theme-font: major-latin; mso-fareast-font-family: 'Times New Roman'; mso-hansi-theme-font: major-latin; mso-bidi-font-family: 'Times New Roman';\">si ces donn\u00e9es sont obligatoires ou facultatives pour la gestion de votre demande ;<\/span><\/li><li class=\"MsoNormal\" style=\"mso-margin-top-alt: auto; mso-margin-bottom-alt: auto; mso-list: l0 level1 lfo1; tab-stops: list 36.0pt;\"><span style=\"font-size: 10.0pt; font-family: Calibri; mso-ascii-theme-font: major-latin; mso-fareast-font-family: 'Times New Roman'; mso-hansi-theme-font: major-latin; mso-bidi-font-family: 'Times New Roman';\">vos droits Informatique et Libert\u00e9s\u00a0et la fa\u00e7on de les exercer aupr\u00e8s de la CNIL.<\/span><\/li><\/ul><p class=\"MsoNormal\" style=\"mso-margin-top-alt: auto; mso-margin-bottom-alt: auto;\"><span style=\"font-size: 10.0pt; font-family: Calibri; mso-ascii-theme-font: major-latin; mso-hansi-theme-font: major-latin; mso-bidi-font-family: 'Times New Roman';\">Les donn\u00e9es personnelles recueillies dans le cadre des services propos\u00e9s sur le site sont trait\u00e9es selon des\u00a0protocoles s\u00e9curis\u00e9s\u00a0et permettent \u00e0 DUMAS R\u00e9cup\u00e9ration de g\u00e9rer les demandes re\u00e7ues dans ses applications informatiques.<\/span><\/p><p class=\"MsoNormal\" style=\"mso-margin-top-alt: auto; mso-margin-bottom-alt: auto;\"><span style=\"font-size: 10.0pt; font-family: Calibri; mso-ascii-theme-font: major-latin; mso-hansi-theme-font: major-latin; mso-bidi-font-family: 'Times New Roman';\">Pour toute information ou exercice de vos droits Informatique et Libert\u00e9s sur les traitements de donn\u00e9es personnelles g\u00e9r\u00e9s par DUMAS R\u00e9cup\u00e9ration, vous pouvez contacter son d\u00e9l\u00e9gu\u00e9 \u00e0 la protection des donn\u00e9es (DPO) :<\/span><\/p><ul type=\"disc\"><li class=\"MsoNormal\" style=\"mso-margin-top-alt: auto; mso-margin-bottom-alt: auto; mso-list: l2 level1 lfo2; tab-stops: list 36.0pt;\"><span style=\"font-size: 10.0pt; font-family: Calibri; mso-ascii-theme-font: major-latin; mso-fareast-font-family: 'Times New Roman'; mso-hansi-theme-font: major-latin; mso-bidi-font-family: 'Times New Roman';\">par le biais du formulaire \u00ab\u00a0contact\u00a0\u00bb directement sur le site internet www.dumasrecuperation.com<\/span><\/li><li class=\"MsoNormal\" style=\"mso-margin-top-alt: auto; mso-margin-bottom-alt: auto; mso-list: l2 level1 lfo2; tab-stops: list 36.0pt;\"><span style=\"font-size: 10.0pt; font-family: Calibri; mso-ascii-theme-font: major-latin; mso-fareast-font-family: 'Times New Roman'; mso-hansi-theme-font: major-latin; mso-bidi-font-family: 'Times New Roman';\">ou par courrier sign\u00e9 accompagn\u00e9 de la copie d\u2019un titre d\u2019identit\u00e9 \u00e0 l\u2019adresse suivante : <\/span><br \/><ul type=\"circle\"><li class=\"MsoNormal\" style=\"mso-margin-top-alt: auto; mso-margin-bottom-alt: auto; mso-list: l2 level2 lfo2; tab-stops: list 72.0pt;\"><span style=\"font-size: 10.0pt; font-family: Calibri; mso-ascii-theme-font: major-latin; mso-fareast-font-family: 'Times New Roman'; mso-hansi-theme-font: major-latin; mso-bidi-font-family: 'Times New Roman';\">DUMAS R\u00e9cup\u00e9ration \u2013<span style=\"mso-spacerun: yes;\">\u00a0 <\/span>A l\u2019attention du D\u00e9l\u00e9gu\u00e9 \u00e0 la protection des donn\u00e9es &#8211; 384 Chemin de la Coste \u2013 Colombier \u2013 30200 Sabran<\/span><\/li><\/ul><\/li><\/ul><p class=\"MsoNormal\" style=\"mso-margin-top-alt: auto; mso-margin-bottom-alt: auto;\"><b><span style=\"font-size: 10.0pt; font-family: Calibri; mso-ascii-theme-font: major-latin; mso-hansi-theme-font: major-latin; mso-bidi-font-family: 'Times New Roman';\">\u00a0<\/span><\/b><\/p><p class=\"MsoNormal\" style=\"mso-margin-top-alt: auto; mso-margin-bottom-alt: auto;\"><b><span style=\"font-size: 10.0pt; font-family: Calibri; mso-ascii-theme-font: major-latin; mso-hansi-theme-font: major-latin; mso-bidi-font-family: 'Times New Roman';\">Utilisation des cookies<\/span><\/b><span style=\"font-size: 10.0pt; font-family: Calibri; mso-ascii-theme-font: major-latin; mso-hansi-theme-font: major-latin; mso-bidi-font-family: 'Times New Roman';\"><\/span><\/p><p class=\"MsoNormal\" style=\"mso-margin-top-alt: auto; mso-margin-bottom-alt: auto;\"><span style=\"font-size: 10.0pt; font-family: Calibri; mso-ascii-theme-font: major-latin; mso-hansi-theme-font: major-latin; mso-bidi-font-family: 'Times New Roman';\">Lorsque vous naviguez sur notre site internet, des informations sont susceptibles d\u2019\u00eatre enregistr\u00e9es, ou lues, dans votre terminal, sous r\u00e9serve\u00a0de la poursuite de votre navigation sur celui-ci.<\/span><\/p><p class=\"MsoNormal\" style=\"mso-margin-top-alt: auto; mso-margin-bottom-alt: auto;\"><span style=\"font-size: 10.0pt; font-family: Calibri; mso-ascii-theme-font: major-latin; mso-hansi-theme-font: major-latin; mso-bidi-font-family: 'Times New Roman';\">Par cons\u00e9quent, vous acceptez\u00a0le d\u00e9p\u00f4t et la lecture de cookies afin d\u2019analyser votre navigation et nous permettre de mesurer l\u2019audience de notre site internet,\u00a0de partager des contenus de notre site avec d\u2019autres personnes ou de faire conna\u00eetre \u00e0 ces autres personnes votre consultation ou votre opinion.<\/span><\/p><p class=\"MsoNormal\" style=\"mso-margin-top-alt: auto; mso-margin-bottom-alt: auto;\"><b><span style=\"font-size: 10.0pt; font-family: Calibri; mso-ascii-theme-font: major-latin; mso-hansi-theme-font: major-latin; mso-bidi-font-family: 'Times New Roman';\">\u00a0<\/span><\/b><\/p><p class=\"MsoNormal\" style=\"mso-margin-top-alt: auto; mso-margin-bottom-alt: auto;\"><b><span style=\"font-size: 10.0pt; font-family: Calibri; mso-ascii-theme-font: major-latin; mso-hansi-theme-font: major-latin; mso-bidi-font-family: 'Times New Roman';\">Dur\u00e9e de conservation des donn\u00e9es<\/span><\/b><span style=\"font-size: 10.0pt; font-family: Calibri; mso-ascii-theme-font: major-latin; mso-hansi-theme-font: major-latin; mso-bidi-font-family: 'Times New Roman';\"><\/span><\/p><p class=\"MsoNormal\" style=\"mso-margin-top-alt: auto; mso-margin-bottom-alt: auto;\"><span style=\"font-size: 10.0pt; font-family: Calibri; mso-ascii-theme-font: major-latin; mso-hansi-theme-font: major-latin; mso-bidi-font-family: 'Times New Roman';\">Dur\u00e9es d\u2019utilit\u00e9 administrative (DUA) applicables aux principales proc\u00e9dures g\u00e9r\u00e9es par DUMAS R\u00e9cup\u00e9ration.<\/span><\/p><p class=\"MsoNormal\" style=\"mso-margin-top-alt: auto; mso-margin-bottom-alt: auto;\"><span style=\"font-size: 10.0pt; font-family: Calibri; mso-ascii-theme-font: major-latin; mso-hansi-theme-font: major-latin; mso-bidi-font-family: 'Times New Roman';\">La DUA couvre la dur\u00e9e de conservation en base active et en archives internes :<\/span><\/p><ul type=\"disc\"><li class=\"MsoNormal\" style=\"mso-margin-top-alt: auto; mso-margin-bottom-alt: auto; mso-list: l1 level1 lfo3; tab-stops: list 36.0pt;\"><span style=\"font-size: 10.0pt; font-family: Calibri; mso-ascii-theme-font: major-latin; mso-fareast-font-family: 'Times New Roman'; mso-hansi-theme-font: major-latin; mso-bidi-font-family: 'Times New Roman';\">Demande d\u2019information : 3 ans apr\u00e8s la cl\u00f4ture de la demande<\/span><\/li><li class=\"MsoNormal\" style=\"mso-margin-top-alt: auto; mso-margin-bottom-alt: auto; mso-list: l1 level1 lfo3; tab-stops: list 36.0pt;\"><span style=\"font-size: 10.0pt; font-family: Calibri; mso-ascii-theme-font: major-latin; mso-fareast-font-family: 'Times New Roman'; mso-hansi-theme-font: major-latin; mso-bidi-font-family: 'Times New Roman';\">Demande de recrutement : 3 ans apr\u00e8s la cl\u00f4ture de la demande<\/span><\/li><li class=\"MsoNormal\" style=\"mso-margin-top-alt: auto; mso-margin-bottom-alt: auto; mso-list: l1 level1 lfo3; tab-stops: list 36.0pt;\"><span style=\"font-size: 10.0pt; font-family: Calibri; mso-ascii-theme-font: major-latin; mso-fareast-font-family: 'Times New Roman'; mso-hansi-theme-font: major-latin; mso-bidi-font-family: 'Times New Roman';\">Demande de devis : 3 ans apr\u00e8s la cl\u00f4ture de la demande<\/span><\/li><li class=\"MsoNormal\" style=\"mso-margin-top-alt: auto; mso-margin-bottom-alt: auto; mso-list: l1 level1 lfo3; tab-stops: list 36.0pt;\"><span style=\"font-size: 10.0pt; font-family: Calibri; mso-ascii-theme-font: major-latin; mso-fareast-font-family: 'Times New Roman'; mso-hansi-theme-font: major-latin; mso-bidi-font-family: 'Times New Roman';\">Les donn\u00e9es collect\u00e9es dans le cadre de l\u2019achat de fers et m\u00e9taux aupr\u00e8s de particuliers sont conserv\u00e9es 10 ans dans le registre de police.<\/span><\/li><\/ul>\t\t\t\t\t\t\t\t<\/div>\n\t\t\t\t<\/div>\n\t\t\t\t\t<\/div>\n\t\t<\/div>\n\t\t\t\t\t<\/div>\n\t\t<\/section>\n\t\t\t\t<\/div>\n\t\t","protected":false},"excerpt":{"rendered":"<p>Donn\u00e9es personnelles DUMAS R\u00e9cup\u00e9ration s\u2019engage \u00e0 ce que la collecte et le traitement de vos donn\u00e9es,&nbsp;effectu\u00e9s \u00e0 partir de ce site, soient conformes au r\u00e8glement g\u00e9n\u00e9ral sur la protection des donn\u00e9es (RGPD) et \u00e0 la loi Informatique et Libert\u00e9s. Chaque formulaire destin\u00e9 uniquement \u00e0 DUMAS R\u00e9cup\u00e9ration limite la collecte des [&hellip;]<\/p>\n","protected":false},"author":1,"featured_media":0,"parent":0,"menu_order":0,"comment_status":"closed","ping_status":"closed","template":"page-templates\/template-pagebuilder-full-width.php","meta":{"ngg_post_thumbnail":0,"footnotes":""},"class_list":["post-156","page","type-page","status-publish","hentry"],"_links":{"self":[{"href":"http:\/\/dumasrecuperation.com\/index.php\/wp-json\/wp\/v2\/pages\/156","targetHints":{"allow":["GET"]}}],"collection":[{"href":"http:\/\/dumasrecuperation.com\/index.php\/wp-json\/wp\/v2\/pages"}],"about":[{"href":"http:\/\/dumasrecuperation.com\/index.php\/wp-json\/wp\/v2\/types\/page"}],"author":[{"embeddable":true,"href":"http:\/\/dumasrecuperation.com\/index.php\/wp-json\/wp\/v2\/users\/1"}],"replies":[{"embeddable":true,"href":"http:\/\/dumasrecuperation.com\/index.php\/wp-json\/wp\/v2\/comments?post=156"}],"version-history":[{"count":5,"href":"http:\/\/dumasrecuperation.com\/index.php\/wp-json\/wp\/v2\/pages\/156\/revisions"}],"predecessor-version":[{"id":764,"href":"http:\/\/dumasrecuperation.com\/index.php\/wp-json\/wp\/v2\/pages\/156\/revisions\/764"}],"wp:attachment":[{"href":"http:\/\/dumasrecuperation.com\/index.php\/wp-json\/wp\/v2\/media?parent=156"}],"curies":[{"name":"wp","href":"https:\/\/api.w.org\/{rel}","templated":true}]}}